 - 2*j - 2. Let t be l(3). Suppose 3*a - 13 = 4*w, 5*w = a - 0*a - t. Calculate the remainder when 45 - w/(-2) - 1 is divided by 15.
12
Let b(i) = -i**3 + 4*i**2 - 3*i. Let u be b(2). Let m = 24 - -26. Suppose -p = -u*p + m. What is the remainder when p is divided by 17?
16
What is the remainder when 203/5 + -4 + 66/15 is divided by 11?
8
Suppose -46 = -r - 4*f + 7*f, 126 = 3*r + 3*f. Suppose -3*h - 27 + 12 = -b, -h + r = 5*b. Calculate the remainder when 15 is divided by b.
6
Let u(r) = r**2 + 1. What is the remainder when 75 is divided by u(-5)?
23
Suppose -3*n + 22 = 7. Let i = n + 9. Calculate the remainder when -3 - (-1 + (-54)/2) is divided by i.
11
Suppose -2*r + 40 = 4*j - r, -4*j + 48 = -r. Let x = -1 + j. Calculate the remainder when 2/(-7) - (-410)/14 is divided by x.
9
Let f(t) = -t - 16. Calculate the remainder when 40 is divided by f(-22).
4
Let j(o) = o**3 + 11*o**2 - o + 5. What is the remainder when 39 is divided by j(-11)?
7
Let h(k) = -2*k**2 - 10*k - 1. Let s be 0 - (-1 - (-5)/1). Let z(x) = -x. Calculate the remainder when h(-4) is divided by z(s).
3
Suppose -5*c = -6*c + 80. Calculate the remainder when c is divided by 27.
26
Let u be 3/(-18)*-3*0. Suppose 3*w - 10 + 1 = u. Suppose w*t = 32 + 16. Calculate the remainder when 47 is divided by t.
15
Suppose -56 + 360 = 19*d. What is the remainder when 107 is divided by d?
11
Let j be (-122)/((-6)/3) + 1. Let l = 0 + 6. Suppose l = 2*f - j. Calculate the remainder when f is divided by 12.
10
Let d = 0 + 3. What is the remainder when d is divided by 3?
0
Let x = 18 - 16. What is the remainder when (-10)/(-6) - 6/(-18) is divided by x?
0
Let q(j) = j + 1. What is the remainder when (-6)/12 + -35*(-2)/4 is divided by q(4)?
2
Suppose 0*c - c = -2. Suppose -3*j + 10 = -c. Calculate the remainder when 6 is divided by j.
2
Let t(b) = 4*b - 3. Let l be t(4). Let q = 30 - l. Suppose 0*j + 26 = 3*d - j, 2*d = 3*j + 15. Calculate the remainder when q is divided by d.
8
Suppose 18 = 3*v - 15. Suppose -2*w = -s + 5, 0 = -3*w - 0*w - 3. What is the remainder when v is divided by s?
2
Let q = 21 - 6. Let r = 59 + -53. Calculate the remainder when q is divided by r.
3
Let v = 118 + 3. Suppose 5*s + 2*f = v, -2*f - 129 = -2*s - 3*s. What is the remainder when s is divided by 9?
7
Let i be (147 + (-1 - 0))*1. Suppose 70 = 4*q - i. What is the remainder when q is divided by 14?
12
Let z(s) = -s + 9. Let h be z(7). Suppose t = 2*u - 41, -3*u - h*u + 104 = -4*t. Let v = 23 + -12. Calculate the remainder when u is divided by v.
9
Suppose 5*j - 21 = 3*p, 3*j + j - p - 21 = 0. Let o = 39 + -23. Calculate the remainder when o is divided by j.
4
Suppose 4*c + 5*x - 52 = -0*c, 5*x = -5*c + 60. Let w(f) = -f**3 + 10*f**2 - 10*f - 9. Calculate the remainder when w(c) is divided by 20.
19
Let i be ((-70)/25)/((-4)/10). Let o be 2/((-4)/i)*2. Let k(t) = t**2 + 2*t - 9. What is the remainder when k(o) is divided by 9?
8
Suppose 5*m + 3 - 33 = 0. Let k = m + -5. Calculate the remainder when 21 is divided by (k - -1)/((-6)/(-33)).
10
Let o = 25 - 14. Let c = -9 + o. What is the remainder when 5 is divided by c?
1
Calculate the remainder when 8 is divided by (-45)/(-12) - (-4)/16.
0
Suppose -2 = 3*i - 14, w = -5*i - 3. Calculate the remainder when 1/(2/(-2))*w is divided by 6.
5
Let w(s) = -3*s - 7. Let x(q) = -7*q - 17. What is the remainder when x(-8) is divided by w(-7)?
11
What is the remainder when ((-392)/(-20))/(8/20) is divided by 15?
4
Let l(o) = -11*o - 1. Let h be l(-1). Let w(a) = -2*a**2 - 3*a. Let t be w(-2). What is the remainder when 1*(h - (0 - t)) is divided by 3?
2
Let i = -33 - -41. What is the remainder when 31 is divided by i?
7
Suppose -w + j - 11 = 0, 3*w - 2*j + 46 = -2*w. Let i(h) = -h + 2. Let p be i(w). Let c = 2 + p. What is the remainder when 22 is divided by c?
10
Let b(t) = t + 4. Suppose 0 = 15*f - 18 - 267. What is the remainder when f is divided by b(3)?
5
Let v(y) = 2*y - 2. Suppose -4*j + 3*b = 45, 2*j - 2*b + 28 = 4. Let i be v(j). Let r = -12 - i. Calculate the remainder when 23 is divided by r.
7
Let s = 31 + -18. Suppose -m = m - 102. Calculate the remainder when m is divided by s.
12
Let s = 90 - 49. Let m = 32 + -17. What is the remainder when s is divided by m?
11
Let t(y) = 4*y + 1. Let l be t(2). Calculate the remainder when ((-10)/6)/((-3)/27) is divided by 0 + (0 - 1) + l.
7
Let r be 42*(3 + 15/(-6)). What is the remainder when -2*r*3/(-9) is divided by 5?
4
Let l(o) = o**2 - o + 5. Suppose -y - 56 = -5*y. What is the remainder when y is divided by l(0)?
4
Let u = 2 - -1. Suppose -u*p + 6*p - v = 36, 3*p + 3*v = 36. What is the remainder when 34 is divided by p?
10
Let y(t) = -4*t + 4. Let w(l) = -9*l + 9. Let b(g) = 3*w(g) - 7*y(g). What is the remainder when 8 is divided by b(4)?
2
Let m(x) = -x + 15. Suppose s - 110 = -4*s. What is the remainder when s is divided by m(7)?
6
Suppose -3*l - 34 + 155 = -2*f, -4*l + 5*f + 166 = 0. Suppose -4*y + 58 = q, 2*y + 4*q = q + 34. What is the remainder when l is divided by y?
11
Suppose -3*z + 4*o - 70 = -525, -3*z = 4*o - 463. What is the remainder when z is divided by 31?
29
Suppose 11*i = 7*i + 60. What is the remainder when 29 is divided by i?
14
Let n(i) = -i**2 + 4. Suppose -r + 6*r = -5*j - 20, 20 = -4*j - 5*r. What is the remainder when 6 is divided by n(j)?
2
Let f be 0/1 + (3 - 0). Suppose f*j + 4*b - 7 = -36, -3*j + 2*b + 1 = 0. Calculate the remainder when (1/j)/((-4)/348) is divided by 10.
9
Suppose 0 = -4*p + 20. Calculate the remainder when p is divided by 4.
1
Let n(d) = 3*d - 1 + 0 + 6. Let z(y) = 2*y + 3. Let m(g) = 5*n(g) - 8*z(g). Calculate the remainder when m(-3) is divided by 3.
1
Suppose 0 = 7*w + w. Let t = -6 - -10. Suppose t = x - w. What is the remainder when 10 is divided by x?
2
Let b(l) = 3*l**3 + l**2 + l + 1. Let j be 12/9 + 4/6. What is the remainder when b(j) is divided by 8?
7
Let j(f) = 7*f - 3*f**3 + 4*f**3 - 10 + 8*f**2 + 7. Let m be j(-7). Calculate the remainder when ((-28)/(-6))/((-2)/m) is divided by 4.
3
Let j be (1 - 0) + 3 - 3. Let c(s) = 4*s**2 + s. Let h be c(j). Suppose -55 = -h*a - u, -37 = -3*a + 2*u + 9. Calculate the remainder when a is divided by 7.
5
Suppose -2*j + j + 673 = 4*h, -4*h + 2*j + 658 = 0. Calculate the remainder when h is divided by 28.
27
Suppose -5*h = 4*z - 121, 0 = 4*h + 2*z + 2*z - 100. Suppose 2*t = q + h, -3*t - 5*q + 60 = 2*t. Calculate the remainder when t is divided by 3.
2
Suppose -5*z = -3*j - 33, j + 6 = 2*z - 2*j. Let n = 13 - z. Calculate the remainder when 5 is divided by n.
1
Suppose -3*r + 6 = 2*w - 4, 0 = 5*r - 10. Suppose 0 = -2*j + 14 + 2. Suppose z - 8 = -5*x, 2*x + 3*z = 3*x - j. Calculate the remainder when x is divided by w.
0
Suppose -2*m - m = -132. Suppose -2*d - 2*p + m = 0, -d - p = -3*d + 44. What is the remainder when d is divided by 12?
10
Suppose -6*v = -5*v - 56. Let t = 0 + 0. Suppose 3*u - 7*u + 76 = t. What is the remainder when v is divided by u?
18
Suppose -6*f = -3*f - 204. Suppose 0 = -4*p - 62 + 154. What is the remainder when f is divided by p?
22
Let b = 3 + -3. Let y(z) = -z + 9. What is the remainder when 26 is divided by y(b)?
8
Suppose -4*j - 6 = 2*w - 26, 4*w - 4*j = -20. Let s(r) = 4*r**2 + 4 + r + w*r - 5. Calculate the remainder when 10 is divided by s(1).
2
Suppose 0*t = -3*t + 12. Let c(i) = i**3 - 5*i**2 - 3*i + 9. Let m be c(5). What is the remainder when (-9)/t*(m - 18) is divided by 14?
12
Let q be (-7)/(-14) - 67/2. Calculate the remainder when 33 is divided by 6/33 + (-291)/q.
6
Let m(x) = 8*x**2 + 4*x + 2. Suppose -v - 4*q = 12, -4*q + 8 = -4*v - 0. Calculate the remainder when m(v) is divided by 29.
27
Suppose 5*u - 10 = b + 23, -3*u + 25 = 2*b. Suppose 0 = 4*y + 5*x - 58, 4*y + 0*x - x = 46. Calculate the remainder when y is divided by u.
5
Let g = 182 + -177. What is the remainder when 10 is divided by g?
0
Suppose -y + 5*z + 2 = 5, -y + z = -9. Suppose 0 = -2*o + 3*w + 28, 3*o + 2*w = -w + y. What is the remainder when 23 is divided by o?
7
Suppose 4*d - 5 = -1. What is the remainder when d is divided by 1?
0
Let y be ((-724)/(-5))/(1/10). Suppose 0 = v + 2*v + 2*c - 1100, 4*v - y = 2*c. Calculate the remainder when v/18 + (-2)/9 is divided by 11.
9
Let x = 11 - -21. Suppose -3*l + x 